 - (-6 + -1 + 0)).
8
What is 22 - 4 - 3 - (4 - 4)?
15
Calculate (49 - 62) + -3 + 4 + 3 - -29.
20
Calculate 9 + -1 - (-1 + 5 + -6 + 8).
2
What is -26 - (-37 + 25 - -3)?
-17
Evaluate 0 + 8 + (-10 + 10 - 13).
-5
-10 - -2 - (-9 - -8 - -4) - 7
-18
What is the value of -13 + -14 + 24 + -3?
-6
What is (-235 - -269) + (-27 - -1)?
8
14 - (12 + -4 + -31 + 15)
22
Calculate -26 + -6 + (-7 - -30).
-9
3 + (-1 - 1) + 18 - (-22 + 16)
25
Evaluate 0 - (-2 + -8) - (-55 - -75) - 4.
-14
Calculate -29 + 1 - (24 + -36 - -5).
-21
What is the value of (-2 - (-1 - (23 - -4))) + 26 + -26?
26
What is the value of -5 + -11 + 8 - -11?
3
Calculate (-20 - 6) + (95 - 88).
-19
Evaluate -6 - (-41 + 19 - -23).
-7
-3 + 3 - (16 + -48 + 21)
11
What is the value of -21 + (-6 - (-16 + 1)) - 8?
-20
Evaluate -2 + -1 - (3 + -2).
-4
What is -21 - (1 - -1 - (-253 - -267))?
-9
What is the value of (-46 - -35) + 11 + (9 - -1)?
10
((-47 - 16) + 16 - -12) + -1 + 8
-28
5 - (29 + (4 + -11 - -5 - 5))
-17
Evaluate 20 - 1 - (-193 - -204) - (-1 + 29).
-20
Calculate 30 + (-53 - -19) - (-1 + -6).
3
What is -10 - -38 - (19 - 2)?
11
(-2 - 3) + 3 - (20 + (26 - 38))
-10
What is the value of -18 + (8 + -21 - -36)?
5
Evaluate 138 + -133 - (-1 - -4).
2
What is 3 - (32 - 33) - (-1 + 1)?
4
Evaluate -2 + 1 + -11 + 38 + 4 - 8.
22
What is the value of -13 + 0 + -1 + (-709 - -726)?
3
(-8 + 6 + 9 - 3) + -3
1
Calculate 1 - (5 + 20 + -7).
-17
Evaluate (-30 - -24 - (2 - -21)) + 8.
-21
What is -113 + 104 + -3 + (1 - 0)?
-11
Evaluate -8 + 32 - (3 - -27).
-6
What is -2 - -2 - (-12 + 6 + (-3 - 2))?
11
What is the value of -5 + (2 - -6) + -10 + 17?
10
Calculate 1 - (-3 - -9) - (-11 + 9 + -14).
11
Evaluate 54 + -63 - (8 - 0) - -6.
-11
What is (-14 - -4) + 9 - (-27 - -24)?
2
Calculate 14 - (22 - 4 - (10 + -1)).
5
What is the value of (8 - 24 - -8) + (-1 - -19)?
10
Evaluate 2 - -5 - (-6 + 18).
-5
What is (-1 - -8) + (212 - 200) - 11?
8
14 + -5 - (0 - -5 - (3 - -4))
11
Calculate 5 + (-9 - 12) + 9.
-7
Evaluate (3 - (7 + -6)) + (15 - -3).
20
5 - (19 + -9 - 5) - 13
-13
Evaluate -25 - ((-6 - 5) + 5 + -5).
-14
Calculate 17 + 0 - (-167 + 193).
-9
What is the value of -17 - (-4 + 1 + (-21 - -23))?
-16
What is (-1 - 15) + 1 + 17 + (-20 - -4)?
-14
Evaluate 17 + -14 + (-5 - -1) + -6 + 2.
-5
Evaluate 15 - ((13 - 12) + 15).
-1
What is -37 + -5 + -9 + 14 + 5 + 5?
-27
What is 13 + -6 - (6 - (7 + (-26 - 2)))?
-20
Evaluate -2 + 1 + -51 + 54.
2
1 + -1 - (-83 + 99)
-16
Evaluate (-32 - -3) + 35 + 29.
35
What is (-11 - (-17 - -4)) + -4?
-2
(-1 - 2) + 6 + (10 - 8 - -1)
6
-773 + 762 - (9 - 0)
-20
What is (-5 + 3 - (-28 + 29)) + (2 - 7)?
-8
Evaluate (-6 - (-18 - 3)) + -4.
11
Evaluate 2 - 1 - (123 - 110).
-12
What is the value of 6 - (-19 - (-6 + -18))?
1
What is the value of (-2 + -4 - (6 + (3 - 16))) + 0?
1
What is the value of -8 + (27 - 1) - 9?
9
What is 14 + -3 + -3 - (-19 - -10 - -9)?
8
What is the value of -14 - (-9 + -46) - 31?
10
What is -10 - (-32 - -18 - -7)?
-3
14 - (-14 - -29 - -25)
-26
Calculate (15 - (5 - 4)) + -4 - 13 - 19.
-22
What is -4 + (12 - (-8 - -14))?
2
Evaluate (0 - -9) + 102 + -106 + -31 - -6.
-20
What is the value of 5 - (-3 + 1 + (-4 - (-7 + 5)))?
9
Evaluate 2 - (-1 + -4 - (-19 + -12 + 19)).
-5
9 - (25 - 26 - (-16 + -1 - -4))
-3
-1 - 1 - (15 + -7 + -14)
4
What is 5 + -3 - 0 - (-1 + -2)?
5
What is the value of 7 + -1 + -11 + 9?
4
What is the value of -22 + -1 + (-9 - (20 + -39))?
-13
What is 3 + 11 - 1 - (426 - 414)?
1
-30 - -34 - ((-6 - 2) + 6)
6
-1 + 2 - (72 + (37 - 107))
-1
Evaluate 21 + -39 - (-19 + 5).
-4
Calculate 4 + -3 + (2 - -12) - -13.
28
Evaluate 11 + (-49 + 1 - (-69 - -65)) + 2.
-31
Evaluate -3 + (0 + -2 - 11 - (-34 - -32)).
-14
Evaluate 88 + -68 + -6 + -12.
2
Evaluate (-38 + 14 - -17) + -7.
-14
Calculate 24 + (-13 - (4 - 9)) - (-13 + 3).
26
-4 + 6 + -25 + 12
-11
What is the value of (-7 - -2) + 3 + -1?
-3
Evaluate -57 + 36 + (-14 - (7 - 14)).
-28
What is 16 - ((13 + 3 - 15) + -11)?
26
Calculate 38 + -18 - (9 + -4) - 1.
14
What is (-7 - -6 - -7) + -18 + (-6 - -5)?
-13
What is -6 + 1 + -4 + (4 - 10) + 7?
-8
What is (-1 - 5) + 3 + 0 + -2 + 1?
-4
Evaluate 4213 + -4213 + (5 - 0) + (0 - -1).
6
What is (-3 - 5) + 5 - (7 - 0 - 0)?
-10
What is the value of 5 - (9 - -3 - 6) - (2 - 5)?
2
Calculate (-702 - -759) + -1 + -23.
33
Calculate 130 + -123 - (2 + (29 + -1 - 3)).
-20
What is the value of (10 - 9) + 8 + -1 - -9?
17
Evaluate 17 - (3 + -10 + 8 + -1).
17
Evaluate -11 - -1 - (-9 - ((18 - 20) + -14)).
-17
Evaluate (-30 + 39 - 22) + 25.
12
Calculate (155 - 166 - (0 + 13)) + -4.
-28
What is 22 + (-7 - (-12 - -11)) - 2?
14
14 + -2 - (8 + (0 - 3 - 3))
10
Evaluate (30 + -26 - -30) + -58.
-24
What is the value of 2 + 3 - ((-7 - -8 - 0) + 18)?
-14
Calculate (-15 - 1) + 19 + -17.
-14
Evaluate 5 - (3 + (-2 - -1) + 23 + -20).
0
(2 - 7) + 13 - (0 + (3 - 1))
6
What is 8 + 3 - (10 - 15)?
16
Calculate 13 - 0 - (-8 - -11).
10
Calculate 13 + (24 + -7 - 6) + -6.
18
What is -4 + 28 + -7 - (-6 + 7 + -3)?
19
Evaluate -7 + 3 + 3 - (42 + -5) - -9.
-29
Evaluate -28 + 37 + -16 + -18.
-25
-37 + 0 + -9 + 30
-16
What is the value of 0 + 1 - (-279 + 293)?
-13
What is the value of (-2 - -4) + -7 - (-32 - -69 - 32)?
-10
What is the value of -5 + -1 + (32 + -22 - -3)?
7
Evaluate 7 + -1 - (-4 - (4 - 11)).
3
What is -27 + 18 + -8 + (-1 - -2 - -5)?
-11
Evaluate 4 + -10 + (-3 - 6) + 1.
-14
What is the value of (1 - 0) + -32 + 31?
0
Evaluate (1 - 10) + 3 - ((1 - 4) + 9).
-12
What is -9 + 15 - (10 + -20 + 0)?
16
Evaluate -4055 - -4087 - ((17 - -1) + 1).
13
What is the value of (2 - 14) + 0 + -10 + 0?
-22
What is the value of 7 - (8 - (9 + -8 - -6))?
6
Calculate (-9 - (27 + -10)) + (-6 - -13).
-19
What is 62 + -72 + (0 - -7) - 19?
-22
Evaluate 0 - (1 + 5 + (10 - 5)).
-11
2 + (-1 + 7 - (10 + -12 - 4))
14
What is the value of -3 + -11 - (11 + -12 + -5)?
-8
18 + 16 + 1 - 9
26
Calculate 32 - (30 - (59 + -18) - (1 + -10)).
34
What is (0 - ((-6 - 8) + -2)) + -8 - -6?
14
-3 - 0 - (13 - -6) - (3 + 3)
-28
-2 + (-13 - (2 + 0)) + (2199 - 2204)
-22
Calculate -26 + (3 - -16) - (4 + -5).
-6
-45 + 4 + 35 - -1
-5
Evaluate -69 - -71 - (13 + -4 + 3).
-10
-6 - ((-3 - -13) + 3 + -14 - 20)
15
What is the value of -17 - (6 - ((7 + 8 - -1) + -7))?
-14
-11 - (0 - 2) - -5 - 3
-7
What is the value of (-9 - (2 - -1 - 1)) + -2 + 47?
34
Evaluate 5 + (15 + -8 - (14 - 8)) + -20.
-14
What is -31 - (7 + 17 - 81)?
26
Evaluate 28 - (34 - (-19 + 9)).
-16
-6 + 6 - (13 - 17 - -2)
2
What is (-3 - 4) + (23 - 16)?
0
Calculate (-4 - 6) + -5 - -11.
-4
Calculate 3 - (21 + -22 - (-1 - -5)).
8
What is the value of 16 - (5 + -18 + 4 + 1)?
24
What is the value of (2 - 6) + (-8 - (6 + -6))?
-12
Evaluate (-16 - (-8 - (-10 + 28))) + 18 + -2.
26
What is the value of (5 - (12 - (16 - 9))) + -10 - -30?
20
Calculate 25 + 2 - (-291 + 297).
21
What is the value of -8 + 1 + -4 + 19 + -12 + -16?
-20
-96 + 133 + -45 + (22 - 1) + 1
14
-16 - (21 - 8 - 10 - 6)
-13
Evaluate (4 - (10 + 4 + -9)) + (10 - 1).
8
(13 - (7 + 3 - 5)) + 0
8
2 - (3 + -15 - (39 + -53))
0
What is -14 + 9 + -1 - -19?
13
-43 + 38 + 18 - -22
35
Calculate -60 - (1 + (-86 - -43)).
-18
15 - (-16 + 12 + (25 - 7))
1
Evaluate 7 - 9 - (0 - (-4 + 3)) - -6.
3
What is 10 + -5 + 2 + 2 - (-7 + 2)?
14
Evaluate 1 + 2 + (-9 - (-32 - -13)).
13
What is -4 + 0 + 4 + (-8 - -6) + -4?
-6
Calculate 12 + (8 - -2) + (-5 - -16 - 13).
20
What is 40 - ((32 + -10 - -5) + -19)?
32
What is the value of (95 - 103) + 4 + -2?
-6
Calculate -3 - ((-3 - -17) + (5 - 5 - 7)).
-10
Evaluate 14 + -14 + 8 + -7 + 0 + 1.
2
Evaluate 14 - (-14 + 3 + -1 + 8).
18
What is the value of 6 - (-30 + 10) - 14?
12
Evaluate -3 - ((17 - (-6 + (18 - 8))) + 3).
-19
What is the value of 8 + (11 + -42 - -16)?
-7
What is the value of -5 + 1 - (2 - (7 - 3))?
-2
Calculate -13 + (-49 - -29 - -26).
-7
8 + 1 - (-18 + 15 + (-6 - 5))
23
(30 + 3 - 50) + 34 + 4
21
(34 - (53 - 17)) + 2 + (10 - -1)
11
Evaluate (1 - -1) + (-11 + 12 - 3) - 3.
-3
What is the value of -25 + 33 + 0 + -8 + (3 - 0)?
3
What is 4 + 0 + (-42 - 8) + 46?
0
What is 2 + (-10 - -29) + -8 + -2?
11
Calculate (9 - 26) + 8 + 3 - (-10 - -1).
3
(3 - -27) + -5 + -21
4
(1 - 1) + -1 + (-8 - -18) + -7
2
What is (1 - -1) + (-10 - -9 - 7) - 20?
-26
Calculate 23 + -14 + 7 + 5 + -1.
20
20 + -21 - (6 - -1)
-8
Calculate -11 + (1 - (-19 - -5 - -9)).
-5
4 - 4 - (4 + 2